tors of p(-30).
2, 3, 5, 13
Suppose -270 = k - 2138. What are the prime factors of k?
2, 467
Suppose -1740 = 2*x - 7*x. Let b = -185 + x. List the prime factors of b.
163
Let d(r) be the first derivative of -29*r**2/2 - 21*r - 8. What are the prime factors of d(-5)?
2, 31
What are the prime factors of 2485/70*4/2?
71
Let d(k) = k - 3 - 4 + 3. Let n be d(0). What are the prime factors of n/(-14) + (-1750)/(-49)?
2, 3
Suppose 0 = 96*m - 666608 + 108752. List the prime factors of m.
3, 13, 149
Suppose 5*l = -3*r + 3*l + 17, 24 = 4*r + 2*l. Suppose -2*s = -5*z - 1, 3*s - z + r - 28 = 0. Let f(o) = o**2 + 3*o - 19. What are the prime factors of f(s)?
3, 23
Suppose -g = -2*j - 4*g + 1193, -j - 5*g + 600 = 0. Suppose -5*b - t + j = 148, -3*t = -b + 99. Suppose 0 = -4*f - b + 254. What are the prime factors of f?
41
Let h(n) = 2*n**3 - 9*n**2 - 7*n - 4. Let y be h(7). Suppose -5*k + y = -193. What are the prime factors of 140/k - (-4)/22?
2
Let j(o) = o**3 + 9*o**2 + 8*o - 5. Let p be j(-8). Let w be 10/(-25)*2*p. Suppose -t - 58 = -2*x - 4*t, -3*x + w*t + 87 = 0. What are the prime factors of x?
29
Let s(z) = 2*z + 11. Let b be s(-5). List the prime factors of 466*(-1 - b)/(-4).
233
Suppose 2*m - 26 = -3*t + 38, -111 = -5*t + m. Let x = 0 + 24. Let p = x - t. What are the prime factors of p?
2
Let j be (302/(-5))/(4 - (-44)/(-10)). Let h = j + -93. What are the prime factors of h?
2, 29
What are the prime factors of ((-6)/(-8))/((-33)/(-24376))?
2, 277
Suppose 2*x = x + 6. Let m be x/27 - (-2)/(-9). Suppose 0 = -p - p + 2*n + 8, m = -n - 1. List the prime factors of p.
3
Let t(i) = 3*i - 1. Let c(z) = -5*z + 1. Let g = -16 - -20. Let u(w) = g*c(w) + 7*t(w). List the prime factors of u(9).
2, 3
Suppose -238068 = -16*k - 35*k. List the prime factors of k.
2, 3, 389
Let q(n) = 10*n**2 - 5*n - 104. What are the prime factors of q(-9)?
751
Let y = -7 - 8. Let z(a) = a**2 + 16*a + 20. Let r be z(y). Suppose u = r, -2*o + 4 = 3*u - 39. List the prime factors of o.
2, 7
Suppose -3*t = 19 + 8. Let g(j) = j**3 + 10*j**2 + 6*j - 12. Let m be g(t). Let q = -9 + m. List the prime factors of q.
2, 3
Suppose 3*k = -0*k - 18. What are the prime factors of (-352)/(-5) + k/(-10)?
71
Let q(j) = 26*j - 172. List the prime factors of q(30).
2, 19
Suppose -162*t + 8547 = -151*t. List the prime factors of t.
3, 7, 37
Suppose 4*b = r - 618, r + 2490 = 5*r + 2*b. List the prime factors of r.
2, 311
Let p be 3 + (-4 - (2 + -8)). Suppose -186 = -p*u + 4*w - 20, 3*u - 98 = 2*w. List the prime factors of u.
2, 3, 5
List the prime factors of (((-108)/(-63))/(-3))/((-4)/6454).
2, 461
Let r(o) be the third derivative of -o**4/24 + 7*o**3/3 - 12*o**2. List the prime factors of r(7).
7
Suppose 0 = 109*f - 20309 - 90108. List the prime factors of f.
1013
Let g(u) = u**2 + 6*u - 27. Let v be g(-10). Suppose 0 = -v*p + 1661 - 439. List the prime factors of p.
2, 47
Suppose -4*t - 2*t = -18540. What are the prime factors of t?
2, 3, 5, 103
Suppose -5*n = 124 - 534. Suppose n = 3*g - 674. What are the prime factors of g?
2, 3, 7
Let y = 36 - -44. Let x = y - 18. What are the prime factors of x?
2, 31
Suppose -3*o = 18 + 9. Let g be ((-3)/o)/(3/27). Suppose -g*m + 0*d + 18 = 4*d, -2*d = -3*m. List the prime factors of m.
2
Let i(m) be the second derivative of -m**4/12 + 8*m**3/3 - 2*m**2 - m + 6. Suppose -4*z - 5 + 53 = 0. List the prime factors of i(z).
2, 11
Let g(v) = -14*v - v**3 + 2*v + 5*v**2 + 7*v + 3*v + 7. What are the prime factors of g(4)?
3, 5
Let b(k) = k - 7. Let h be b(7). Let x = h + 9. List the prime factors of x.
3
List the prime factors of (1 + 4)/(-1) - (-3280 + -2).
29, 113
Let j = -169 - -48. Let w = 161 + j. What are the prime factors of w?
2, 5
Let b(p) = 590*p + 12. What are the prime factors of b(1)?
2, 7, 43
Let c be ((-812)/(-8))/(((-9)/2)/9). Let s = -70 - c. What are the prime factors of s?
7, 19
Let i(b) = 394*b**3 - b**2 - 3*b + 4. What are the prime factors of i(1)?
2, 197
Let z be (-3)/6*2*-1. Let v = z + 2. Suppose 8 - 77 = -5*k - v*d, -k + 15 = d. What are the prime factors of k?
2, 3
Let s be 1*(-2 + 10)/2. Suppose s*y - 123 = -5*k, k + 3*k = 12. What are the prime factors of 60 + (-9)/(y/6)?
2, 29
Let b(f) be the first derivative of f**3 + 27*f**2/2 + 9*f + 17. List the prime factors of b(-14).
3, 73
Let n(d) = -2*d**3 + 9*d**2 - 12*d - 5. Let s(w) = w**3 - 8*w**2 + 12*w + 5. Let o(b) = 2*n(b) + 3*s(b). List the prime factors of o(-8).
37
Suppose -5*m + 21 = 5*z + 1, 0 = 2*z - 4*m - 8. Let d(b) = b**3 + b**2 - 2*b + 2. List the prime factors of d(z).
2, 37
Suppose l + 3*w - 208 = 0, 5*l + 1135 = 10*l - 4*w. List the prime factors of l.
223
Suppose y - 89 + 84 = 0. Suppose 5*a - 248 = -4*l - 63, -a - 253 = -y*l. List the prime factors of l.
2, 5
Let u be (3 + 8/(-6))*6. Let v be u/3*6/5. Suppose 5*b = 5*d + 90, b = v*d + 22 - 1. List the prime factors of b.
17
Let u = 2820 + 631. What are the prime factors of u?
7, 17, 29
Let h(f) = -99*f**3 - 2*f**2 - 2*f. Let u = 111 + -112. What are the prime factors of h(u)?
3, 11
Let h = -117 + -15. Let i = h + 152. List the prime factors of i.
2, 5
Let k = 4091 + -2270. List the prime factors of k.
3, 607
Let k(v) = 4*v - 15. Let l be k(14). Let h = -15 + l. Let g = -18 + h. List the prime factors of g.
2
Suppose -4*t + p = -722, 2*t + 895 = 7*t - 5*p. What are the prime factors of t?
181
Suppose 3*o + 5*y = -88, -y + 4*y = -o - 36. Let u = o - -23. Suppose 4 - 32 = -u*m. List the prime factors of m.
2, 7
Suppose -3*x = -10*b + 5*b + 11109, 4*b + 4*x - 8900 = 0. What are the prime factors of b?
3, 13, 19
Let b(o) = 2 + 3*o**3 + o**3 - 3 - 9*o - 5*o**3 - 8*o**2. Let q be b(-7). List the prime factors of q + (-1 - 8/4).
2, 5
Let n = 88 - 85. Suppose -n*f + 356 = -79. What are the prime factors of f?
5, 29
Let w(d) = 6*d - 27. Let r be w(5). Suppose 0 = -r*s + 323 + 229. What are the prime factors of s?
2, 23
Let z(d) = 3*d**2 + 8*d - 7. Let t be z(-4). Let p(r) = 11*r + 15. List the prime factors of p(t).
2, 3, 19
Suppose 9 = -d - 41. What are the prime factors of 30/d + (-256)/(-10)?
5
Suppose 0 = -9*z + 2*z + 4046. What are the prime factors of z?
2, 17
Suppose 3*q - 150 = -5*i, 2*q + 3*i - 37 = 62. What are the prime factors of q?
3, 5
Let t(w) = -w**2 + 7*w + 5. Let a be t(7). Suppose -a*g - 15 = 0, 3*x = x + 3*g + 141. List the prime factors of x.
2, 3, 11
Let b(a) = 729*a**2 + 6*a - 4. List the prime factors of b(1).
17, 43
Suppose -2*j = f - 3*j - 1, f + 2*j - 7 = 0. Suppose 3*k - 42 = -f*k. List the prime factors of k.
7
Suppose 0 = 24*q - 20*q - 132. Let u be ((-5)/3)/(11/q). Let j(z) = z**2 + 7. List the prime factors of j(u).
2
Let i = -273 + 562. What are the prime factors of i?
17
Let v = 639 + -984. Let w = v - -659. List the prime factors of w.
2, 157
Suppose i = -g + 21, 39 = 2*g - i + 2*i. List the prime factors of (48/g)/((-6)/(-117)).
2, 13
Let w = -393 + 819. What are the prime factors of w?
2, 3, 71
Let q = 8 - 6. Suppose -q*d = -7 - 1. Suppose d*m + 0*m = 104. What are the prime factors of m?
2, 13
Let m(x) = -215*x - 152. List the prime factors of m(-17).
31, 113
Let o be 125/(0/(-1) - 7/(-35)). Suppose w - o = -5*z, 3*w + 205 = 4*z - 276. List the prime factors of z.
2, 31
List the prime factors of ((-20)/12 - (-2)/3) + 1065.
2, 7, 19
Suppose 3*n - l = 1044, -n = 4*l - 3*l - 352. Suppose -5*k = -21*p + 18*p - n, -2*p = 6. What are the prime factors of k?
2, 17
Let r = -116 + 183. Let g be (-114)/9*(3 + 0). Let w = g + r. What are the prime factors of w?
29
Suppose 4*c + 12 = 2*j, -3*c + 6 = -3*j + 33. Let n = -11 + j. Suppose 24 = 5*h - n. What are the prime factors of h?
5
Suppose 3*u + 5*q - 20 = 0, -5*u + 0*u + 3*q + 56 = 0. What are the prime factors of (u/4 + 2)/((-13)/(-442))?
3, 17
Suppose -3*w + 5*w + 2*c = 56, -w + 40 = -2*c. Let r = 30 + w. List the prime factors of r.
2, 31
List the prime factors of 476 + (-6 - -1) - (-15)/3.
2, 7, 17
Let z(g) = g**3 - 5*g**2 + 7*g + 5. Let h be z(6). Let u be 0 + (-2 - -1 - h). Let d = -59 - u. What are the prime factors of d?
5
Let z = -5 + 17. Suppose -2*c + 448 = z*c. What are the prime factors of c?
2
Let x(i) = -25*i + 18. Let y be (-8)/(-12)*-3 - 3. List the prime factors of x(y).
11, 13
Let a(d) = d**3 - d**2 + 2*d + 1. Let x be a(0). 